e highest common divisor of i and 49?
49
Let w = -98 - -155. Suppose 5*f + 78 + 17 = -j, -2*j - w = 3*f. Let r be -2*1/2*f. Calculate the highest common divisor of r and 76.
19
Let o(w) be the third derivative of w**4/12 - 2*w**3/3 + 5*w**2. Let p be o(4). What is the highest common divisor of 6 and p?
2
Let t(k) = k**3 - 8*k**2 - 14*k + 6. Let d be t(9). Let q be (d - (4 - 1))*2/(-4). What is the highest common divisor of q and 14?
7
Let n(v) = -3*v**2 - 127*v - 34. Let p be n(-42). What is the highest common factor of p and 216?
8
Let z = -1 + 16. Let d = 27 - z. Suppose -3*h = -5*s - 314, -4*h + 487 - 51 = 2*s. What is the highest common divisor of h and d?
12
Let s(y) = 7 + y**3 + 1 + y + 6*y**2 - 4. Let h be s(-5). Suppose 0 = -23*l + 44*l - 3528. What is the greatest common divisor of h and l?
24
Suppose -4*g + 168 + 72 = 0. What is the greatest common divisor of 75 and g?
15
Let k(n) = 1427*n - 4. Let s be k(2). Suppose 0*f - s = -5*f - l, -4*f = -4*l - 2280. Let j be (-2)/4 + f/20. Calculate the highest common divisor of 70 and j.
14
Suppose -v + 3*b + 24 = 14, 5*v = 2*b + 24. What is the highest common divisor of v and 1036?
4
Let b = -232 + 449. Calculate the highest common factor of 124 and b.
31
Let b = 2 + 0. Suppose 0 = -4*a + 7*a - 12. Suppose -v + 6 = 4*k - a, -23 = -4*v + k. What is the highest common divisor of v and b?
2
Let w(j) = -5*j**2 - 104*j + 34. Let u be w(-21). Calculate the greatest common divisor of u and 1157.
13
Let j be (-15 - -1)*(-6)/7. Suppose 0 = n + j + 8. Let v be ((-4)/(-10))/((-4)/n). What is the greatest common divisor of v and 22?
2
Let u(b) = -b**2 + 14*b + 69. Let m be u(15). Calculate the greatest common divisor of m and 297.
27
Let v be 15520/280 - (-8)/14. What is the greatest common factor of v and 1400?
56
Suppose 28*z = -11 + 347. Calculate the highest common factor of z and 384.
12
Let d(a) = -38*a - 552. Let j be d(-15). Suppose -4*y + 3*q = 4, -4*q + 6 = -y - 2*q. What is the highest common divisor of y and j?
2
Suppose 175 + 35 = 7*n. Let y be (-180)/(-28) - (-3)/(-7). What is the highest common factor of y and n?
6
Let r be 126 - (-2)/(-2*2/(-14)). What is the highest common divisor of 76 and r?
19
Suppose -z + 2*b + 96 = -58, -4*z = 4*b - 652. What is the greatest common divisor of z and 144?
16
Let y(s) = 2*s**3 + s**2 + 3. Let z be y(0). Suppose 0 = -4*x + 2*p + 3*p + 145, 103 = z*x + 2*p. What is the highest common factor of x and 14?
7
Let d = -686 - -886. Calculate the highest common factor of d and 350.
50
Suppose 2*i = 5*a + 1319, -113*i + a + 1331 = -111*i. What is the highest common divisor of 58 and i?
29
Let f(b) be the first derivative of b**2/2 + 93*b - 6. Let a be f(0). Calculate the greatest common factor of 31 and a.
31
Let r = -905 + 1001. What is the greatest common divisor of 640 and r?
32
Let d be (-4)/12 - (-426)/9. Let z = d + -30. What is the greatest common factor of z and 51?
17
Suppose -82*q = -67*q - 6525. Calculate the greatest common divisor of 15 and q.
15
Let t(l) = 3*l**2 + 5*l. Let n be t(-4). Let m = 19 + -15. Suppose m*h = 7 + 9. Calculate the highest common factor of h and n.
4
Suppose 11 = -2*l + 19. Suppose 4*o = -3*r + 89, 4*r - 89 = -l*o - 5. What is the highest common factor of o and 78?
26
Suppose -2*z = -7*z + 5. Let k be 0 - z*(2 + 5). Let x = 11 + k. What is the greatest common factor of x and 32?
4
Suppose 317*x - 330*x = -3250. What is the highest common divisor of x and 10?
10
Suppose 60*x - 156 = 56*x. What is the highest common divisor of x and 3?
3
Let f be 3/(-3 + 2) + 795/15. Suppose u - 3*u + 63 = 5*a, 5*u + 5*a = 165. Let w = u - 14. What is the greatest common factor of w and f?
10
Suppose 4*h - 680 = 5*s, 4*h - 6*h + 3*s + 342 = 0. Calculate the highest common divisor of 99 and h.
33
Let a be ((-4)/6)/(1/(-24)). Suppose -x - 2 = -j - 112, 5*x - j = 558. Calculate the highest common divisor of a and x.
16
Let n(x) = x**3 - 11*x**2 + 12*x - 13. Let s be n(10). Suppose s*t = 5*t - 8. Let i be 20/40 - 18/t. What is the greatest common factor of i and 20?
5
Suppose 3*t - 5*j = 20, t - 2*t + 12 = -3*j. Suppose t = -19*a + 81 + 147. What is the highest common divisor of a and 48?
12
Let u(r) = -2*r**2 - 8*r - 1. Let q be u(-4). Let h be (3 - ((-1)/q - 10)) + 1. What is the greatest common factor of h and 26?
13
Let y = 179 - 166. What is the greatest common divisor of 208 and y?
13
Let w(o) = -o**3 - 4*o**2 + o. Let b be w(-4). Let k = 328 - 324. Let s be (-98)/b - 2/k. What is the highest common factor of s and 60?
12
Let f = 149 + -104. Suppose 5*b = w + 28, 5*b + 4*w = 38 - 0. Let k = b + -1. What is the highest common factor of k and f?
5
Let v(n) = -n**2 + 15*n + 7. Let k be v(10). Let p(o) = -o**3 + 2*o**2 + 4*o + 57. Let y be p(0). Calculate the greatest common divisor of y and k.
57
Let q be 3/1 - (-488)/4 - -1. Let v(c) = 3*c**3 - 6*c**2 + 6*c + 2. Let o be v(2). Calculate the highest common divisor of q and o.
14
Let c(s) = 2*s + 3. Let l be c(0). Suppose -2*x - 6 = -4*x. Suppose 2*z = -l*g + 13, x*z + 3 = 4*g - 3. What is the greatest common factor of z and 12?
2
Suppose -2*y = y + 2*v - 238, 0 = -2*y - v + 157. Suppose 0 = -10*i - 278 + 468. What is the highest common divisor of y and i?
19
Let d(m) = m + 6. Let n be d(-4). Suppose n*h + h = 3*v + 6, 0 = v. Suppose h*g - 9 = -g. Calculate the greatest common factor of g and 15.
3
Suppose -4*u - 117 + 361 = 0. Let s = u - 60. What is the greatest common divisor of 5 and s?
1
Let h = 39 - -5. Suppose -242 = -p - h. Suppose -6*z + p = -3*z. What is the greatest common divisor of z and 6?
6
Suppose -k = -3*l - 321, -3*k + 12*l + 951 = 9*l. What is the greatest common factor of k and 126?
63
Suppose f - 33 - 13 = 0. Let s = f - 8. Calculate the greatest common factor of s and 152.
38
Let v = 10 - 2. Let z be (-2)/v + 722/8. Calculate the highest common factor of 10 and z.
10
Let c = 10 + 10. Let l = c + -7. What is the highest common divisor of 117 and l?
13
Suppose 3*z - 21 = -4*z. Let a(n) = -53*n - 20. Let q(j) = -13*j - 5. Let h(p) = 2*a(p) - 9*q(p). Let l be h(z). What is the highest common factor of l and 19?
19
Suppose -4*h + 5*d = -137, h - 4*d - 48 + 0 = 0. Let b = 50 - h. Suppose 35*r + 41*r = 2508. Calculate the greatest common divisor of b and r.
11
Suppose 4 = 2*s + x - 3*x, -4*s + 3*x + 5 = 0. Let g be -22*(-2 + s + 5). Let m = g + 154. Calculate the greatest common factor of 10 and m.
10
Let y(q) = 33*q**2 - 46*q + 88. Let j be y(2). What is the greatest common divisor of 40 and j?
8
Let q be (-51 + -1)*((-35)/10 - -3). Let p = q + -7. Calculate the greatest common factor of p and 38.
19
Let g = 34 + -28. Suppose g*a = 3*a + 12. What is the highest common divisor of a and 36?
4
Suppose -2*p + 23 = -143. Suppose -5*t + 72 = -p. Calculate the highest common divisor of t and 31.
31
Suppose 297 = -13*i + 1337. What is the greatest common factor of 140 and i?
20
Let s be (146/12 - 0)*6 - -3. Calculate the highest common divisor of s and 190.
38
Let j(s) = s**3 - 11*s**2 + 5*s - 3. Let r be j(6). Let z = 324 + r. Let c be ((-6)/9)/((-4)/114). Calculate the highest common factor of c and z.
19
Let l = -316 - -402. Calculate the highest common divisor of l and 215.
43
Suppose -3*o - 13 - 11 = -5*v, v = o + 6. Suppose -44 - 25 = -5*t - 3*j, 2*j = -v*t + 42. Calculate the greatest common divisor of 30 and t.
6
Suppose 0 = 184*b - 151*b - 19074. Calculate the greatest common factor of 51 and b.
17
Let l = 0 - -12. Suppose l*j - 11*j - 30 = -2*n, 37 = n - 5*j. Calculate the greatest common factor of 153 and n.
17
Suppose 9*f + 115 - 655 = 0. Calculate the greatest common factor of 24 and f.
12
Suppose -1268 - 1516 = -32*p. Calculate the highest common factor of p and 145.
29
Suppose -128*r + 129*r = 11. Let y = -122 + 221. What is the highest common divisor of r and y?
11
Let c(k) = -2*k - 5. Let y be c(-32). Calculate the highest common factor of y and 236.
59
Suppose 8*o - 1970 = 630. Calculate the greatest common factor of 130 and o.
65
Suppose 2*j + n + 235 = 7*j, 2*n - 58 = -j. Let b be -3 + 0 + 3 + j. Let u = b + -33. Calculate the highest common divisor of u and 45.
15
Let b = 324 + -322. Calculate the highest common divisor of b and 2.
2
Suppose -3*c + 14 = 2*n, 5*n